10 is divided by q(y)?
4
Let f be -17 - (-4 - -3)/(-1). Let c = f - -34. Calculate the remainder when 46 is divided by c.
14
Suppose 3*y + 10 = 5*b, -3*b + 2*y + 4 + 3 = 0. Calculate the remainder when 0 - (-1 + -18) - -1 is divided by (-7)/(-1)*b/(-1).
6
Suppose -3*m + y - 6*y + 76 = 0, 3*m - 70 = -2*y. Calculate the remainder when 65 is divided by m.
21
Let m be -1*(-1)/((-4)/56). Calculate the remainder when 15 is divided by (-24)/m*7/2.
3
What is the remainder when ((-784)/(-8))/(0 - -1) is divided by 33?
32
Let u(j) = -20*j - 6. Let b be u(-6). Let y be (-4)/18 + b/27. Let p = 1 + y. Calculate the remainder when 8 is divided by p.
3
Suppose 2*v = -4*y + 26, 4*v - 18 = -4*y + 26. What is the remainder when 105/14*30/9 is divided by v?
7
Let m be (-279)/(-4) - (-7)/28. Suppose -3*n = 2*q - m - 21, 4*q = -2*n + 50. Calculate the remainder when n is divided by 6.
3
Let o(k) = k**3 + 14*k**2 - 2*k + 8. Calculate the remainder when o(-14) is divided by 19.
17
Let z = 7 - 6. Suppose -11 = 2*f - 3*f. Calculate the remainder when 79/4 + z/4 is divided by f.
9
What is the remainder when (-1)/(((-6)/(-3))/(-24)) is divided by (-18)/(-3)*(-4)/(-3)?
4
Suppose 3*x + 2*x - 21 = -2*c, 0 = -3*c + 3*x - 21. Calculate the remainder when (1 + 0)*(30 + -1) is divided by 2 - 1/(c/12).
5
Suppose -15*y + 10*y = -190. Calculate the remainder when y is divided by 8.
6
Suppose 20 = -0*p - 4*p. Let h = p - -8. Suppose -h*k = -5*i + 52, 2*i + 3*k = -k + 26. What is the remainder when 32 is divided by i?
10
Suppose 3*x - 45 + 6 = 0. Suppose -21 - x = -2*i. What is the remainder when i is divided by 6?
5
Suppose 4*l - 5*u - 330 = -l, -2*l + 5*u = -147. Let v(w) = -8*w + 5. Let y be v(-5). Let a = y - 24. Calculate the remainder when l is divided by a.
19
Let q = -163 + 199. Let c be 4/(-8) - (-78)/4. Let y = 38 - c. What is the remainder when q is divided by y?
17
Let o = -1 - 2. Let t = 32 - 21. Let y = t + o. What is the remainder when 22 is divided by y?
6
Let a = 47 + -17. Calculate the remainder when a is divided by 8.
6
Let g(n) = -n**3 - n + 4. Let l be g(0). Suppose x - l = 5. What is the remainder when 25 is divided by x?
7
Suppose -2*p + 73 = -3*q - 50, -4*p + 219 = 3*q. Let u = 42 - 27. Calculate the remainder when p is divided by u.
12
Suppose 4*o - 2 = 3*o. Let y(h) be the first derivative of -h**2 - 6*h - 2. What is the remainder when y(-5) is divided by o?
0
Let g(o) be the second derivative of -o**4/12 + 4*o**3/3 + 9*o**2/2 - o. Let a be g(9). Suppose -t + 0*t + 3 = a. What is the remainder when t is divided by 2?
1
Let g = 43 + -23. Calculate the remainder when 38 is divided by g.
18
Suppose -207 - 33 = -6*l. What is the remainder when l is divided by 14?
12
Let l = -116 - -139. Calculate the remainder when l is divided by 13.
10
Suppose -2*d + 25 = 3*d. Suppose d*g = 5*o + 115, -4*g + 0*g - 4*o + 76 = 0. What is the remainder when g is divided by (-30)/4*44/(-55)?
3
Suppose 4*v - 18 + 2 = 0, 109 = 5*k + v. Let x(n) = -5*n + 2. Let g be x(2). Calculate the remainder when k is divided by 0/(1/1) - g.
5
Let z = 4 - 1. Let t be 2/(-6) - (-130)/z. Suppose -d = 4*q - t, 6 = d + d. Calculate the remainder when q is divided by 6.
4
Let n be (3 + -3)/(-1 + 0). What is the remainder when 37 is divided by (11 - n) + 0 + -1?
7
Let x(p) = -p**2 + 5*p. What is the remainder when x(4) is divided by 4?
0
Calculate the remainder when -1 + (4 - 1) + 1 is divided by 4 + (-1 - 0) + -1.
1
Let c = -23 + 60. Suppose 11 = -p - 5*b + c, 4*p - 81 = 3*b. What is the remainder when p is divided by 11?
10
Suppose -19 = 5*r + 1. Let x = 7 + r. What is the remainder when 2 + 3/x*15 is divided by 5?
2
Suppose 5*p = -2*y + 56, -p - p + 5*y = -5. Calculate the remainder when 37 is divided by p.
7
Let z(g) = 5*g**2 - 4. What is the remainder when z(2) is divided by 10?
6
Let k(l) = -l + 3. Let u be k(6). Let i be (-1*3)/3 + u. Let w = i + 18. What is the remainder when 40 is divided by w?
12
Suppose 2*b + 5*p - 175 = 0, -3*p + 2 = 11. What is the remainder when b is divided by 32?
31
Let r be (-6)/((4/10)/(-1)). What is the remainder when r + -1*(3 + -1) is divided by (3 - -1) + (0 - -1)?
3
Suppose -5*p - 7 = -637. Suppose 9*a - p = 3*a. Calculate the remainder when a is divided by 8.
5
Suppose 5*o - 5 = 5. Suppose 5*z - 42 = o*g, -4*g + 1 + 3 = z. Calculate the remainder when 31 is divided by z.
7
Let t = -53 + 97. Suppose 0 = 2*o - 2*a - 31 + 9, 4*o + 2*a = t. What is the remainder when ((-217)/(-14))/((-2)/(-4)) is divided by o?
9
Let k = -46 + 60. What is the remainder when 152 is divided by k?
12
Let n(d) = -15*d + 3 + 2*d**2 - 10 - 3*d**2. Let j(z) = -z**2 - 4*z - 6. Let a be j(-4). What is the remainder when n(a) is divided by 16?
15
Let b = 17 - 19. Calculate the remainder when b + 5 - 32/(-4) is divided by 3.
2
Suppose -4*x - 24 = -2*n, 0*x - 39 = -4*n + 5*x. Calculate the remainder when 10 is divided by 30/7 + n/(-21).
2
Suppose 0 = -4*u - 12, -u + 2*u = w - 25. Let o = -16 + w. Calculate the remainder when 10 is divided by o.
4
Let v = 3 + -14. Suppose -3*d + 2*d - 2 = -3*b, 48 = -3*d - 5*b. What is the remainder when 18 is divided by (-2)/d - 75/v?
4
Let t = 27 + -16. Suppose 0 = -3*r + 3*q + 24, 4*r - 2*q = -q + 26. Calculate the remainder when t is divided by r.
5
Let w = 1 + 1. Suppose -w*g - 3*o + 6*o = -92, -g + 4*o + 51 = 0. What is the remainder when g is divided by 15?
13
Let z(o) = 8*o - 2. Let y be (-4)/10 + (-32)/(-5). What is the remainder when z(y) is divided by 24?
22
Suppose 55 + 53 = 4*g. Calculate the remainder when g is divided by 7.
6
Suppose p - l = -3*p + 128, -136 = -4*p - l. Calculate the remainder when p is divided by (2 + -6)/((-3)/9).
9
Let j = 3 + 7. Let k be 1*1/(-2)*j. Let c = 10 + k. What is the remainder when 18 is divided by c?
3
Let z = -9 + 15. Suppose -z = -2*j - 2*u - 3*u, 0 = 5*j + 5*u - 15. Calculate the remainder when 7 is divided by j.
1
Let m be (12/10)/(3/20). Let l = 14 - m. What is the remainder when l is divided by 2?
0
Let t(b) = b**3 - 11*b**2 + 3*b + 14. Let c(o) = 2*o + 1. Let m be c(5). What is the remainder when t(m) is divided by 16?
15
Let t(l) = 5*l**3 - 3*l + 2. Let a be t(1). Suppose -2*i - a*q + 22 + 6 = 0, -5*i + 3*q = -109. What is the remainder when i is divided by 8?
4
Suppose -200 = -4*n + 2*c, 199 = 5*n + c - 37. Suppose -2*q - 2*q + n = 0. What is the remainder when 45 is divided by q?
9
Let z(i) = -2*i - 5 - 4 + 17. Calculate the remainder when (-598)/(-18) - 6/27 is divided by z(-5).
15
Suppose 4*r = 5*r - 22. Suppose 419 = 5*k + 3*b, 3*k + 5*b + 95 = 4*k. What is the remainder when k is divided by r?
19
What is the remainder when ((-42)/1)/(-1*1) is divided by 11?
9
Suppose 5 = m - 4*z, -m - 3*z = -3*m + 30. What is the remainder when m is divided by 11?
10
Suppose 3*j + 0*j - 36 = 0. Calculate the remainder when 2 is divided by 3 + 0 + (-24)/j.
0
Suppose 0*z + 356 = -4*z. Let o = -60 - z. Suppose -4*a + 11 = -o. Calculate the remainder when 29 is divided by a.
9
Suppose 5*b = v - 9, 4*b - 3*b = -4*v + 57. Suppose -34 - 4 = -w - 5*s, -259 = -5*w - 2*s. Calculate the remainder when w is divided by v.
11
Suppose -q = -18 - 0. Suppose -5*z - 2 = -27. Calculate the remainder when q is divided by z.
3
Let y = 5 + -2. Let o(g) = g + 3. Suppose 3*m - 33 = -0*m. Calculate the remainder when m is divided by o(y).
5
Let n(q) = q + 6. Let i be n(-6). Suppose i*z = -2*x - 5*z + 9, -2*z = -2*x + 16. Let y = 66 + -53. What is the remainder when y is divided by x?
6
Suppose x + 0*x = 4*v - 32, 23 = 5*v + 3*x. Let y = 63 - 34. Suppose -2*p = -y + 5. What is the remainder when p is divided by v?
5
What is the remainder when 55 is divided by (-1 + 43)*14/21?
27
Let v(k) = -k**2 - 9*k - 6. Let o be v(-9). Let b = 11 + o. Suppose 67 + 23 = b*i. What is the remainder when 53 is divided by i?
17
Let q = 103 + 7. Let j = q - 77. Let m = 65 - j. Calculate the remainder when m is divided by 17.
15
Suppose 2*l = 5*c + 32, -3 = 5*c + 7. Suppose -y + 168 = 3*y. What is the remainder when y is divided by l?
9
Suppose -9 = -2*u + 4*o + 3, 2*u = 3*o + 13. Let p(d) = 2*d - 1. Suppose 0*z + 24 = 4*z - 4*j, 22 = 3*z - 4*j. What is the remainder when u is divided by p(z)?
2
Let w(c) = -c**2 + 12*c + 7. What is the remainder when 76 is di